62. What is j(-26)?
-36
Let m(y) = -y**2 + 29*y - 163. What is m(7)?
-9
Let w(x) = -935*x**2 - 14958*x + 30. Give w(-16).
-2
Let g(k) = -k**2 - 36*k + 451. Calculate g(14).
-249
Let v(k) = -33*k + 84. Calculate v(9).
-213
Let m(h) = h**2 - 124*h - 4083. Give m(-27).
-6
Let m(r) = -r**2 + 5*r + 1026. What is m(37)?
-158
Let v(d) = d**3 - 27*d**2 + 63*d + 175. What is v(24)?
-41
Let q(s) = -s**3 - 7*s**2 + 72*s + 458. Determine q(-9).
-28
Let g(w) = 3*w**3 - 354*w**2 + 353*w - 240. Determine g(117).
-6
Let t(c) = -4*c**3 + 131*c**2 + 1117*c + 12. Determine t(-7).
-16
Let p(w) = 5*w**2 + 19*w - 35. What is p(0)?
-35
Let i(r) = -2*r**2 + 206*r + 344. Determine i(104).
136
Let f(x) = 4*x - 36. Give f(2).
-28
Let n(i) = -8*i**3 - 6*i**2 - 13*i + 1. Calculate n(-3).
202
Let k(i) = -2*i**3 + 2*i**2 - 3*i - 17. Determine k(0).
-17
Let x(f) = f**2 - 217*f + 1065. Calculate x(5).
5
Let y(n) = n**3 + 23*n**2 - 89*n - 289. Give y(-26).
-3
Let n(t) = 2*t**3 + 54*t**2 + 59*t + 25. Calculate n(-26).
-157
Let a(v) = 79*v - 7426. Determine a(92).
-158
Let m(w) = w**3 + 19*w**2 + 88*w - 19. What is m(-9)?
-1
Let c(j) = 346*j - 2090. Determine c(6).
-14
Let w(j) = j**2 - 3*j - 36. Give w(7).
-8
Let s(f) = f**3 + 2*f**2 - f + 4. Give s(-5).
-66
Let q(k) = 18*k**2 - 156*k - 1179. Determine q(-5).
51
Let c(y) = y**3 - 46*y**2 + 74*y + 592. What is c(44)?
-24
Let r(i) = 14*i - 210. What is r(27)?
168
Let v(a) = -a - 201. What is v(0)?
-201
Let n(z) = 1267*z + 40. What is n(0)?
40
Let p(t) = 1920*t - 40320. Calculate p(21).
0
Let c(x) = x**3 - 9*x**2 - 232*x - 47. What is c(-10)?
373
Let v(q) = q**3 - 8*q + 45. What is v(0)?
45
Let l(h) = -h**2 + 42*h + 651. Calculate l(56).
-133
Let v(g) = -g**3 - 26*g**2 + 228*g + 13. Determine v(-33).
112
Let y(c) = 53*c - 621. Calculate y(12).
15
Let n(t) = 2*t**2 + 218*t + 431. Calculate n(-107).
3
Let i(a) = 97*a - 1237. Give i(13).
24
Let r(o) = -62*o + 503. Give r(11).
-179
Let o(i) = -i**3 - 30*i**2 + 9*i + 21. Give o(-30).
-249
Let o(v) = 700*v - 9111. Calculate o(13).
-11
Let b(h) = -2*h**3 + 18*h**2 - 328*h + 3487. Calculate b(10).
7
Let k(h) = -6*h**3 + 88*h**2 - 256*h + 2. What is k(3)?
-136
Let r(i) = i**2 - 79*i + 1516. Give r(41).
-42
Let r(q) = q**2 - 18*q + 2. What is r(24)?
146
Let b(z) = z**3 + 20*z**2 - 126*z - 39. Determine b(-25).
-14
Let f(t) = -t**3 + 24*t**2 + 213*t - 981. What is f(30)?
9
Let f(v) = 3*v**3 + 2*v**2 - 6*v - 31. Determine f(3).
50
Let i(v) = -3*v**3 - 18*v**2 - 3*v + 2. Give i(-3).
-70
Let g(c) = -100*c - 2602. Calculate g(-26).
-2
Let z(k) = k**3 + 205*k**2 - 192*k + 2882. Give z(-206).
-2
Let f(g) = -11819*g + 94550. Determine f(8).
-2
Let j(n) = n**3 + 14*n**2 + 60*n + 110. Determine j(-8).
14
Let i(q) = 25*q - 114. Calculate i(6).
36
Let q(g) = -g**2 + 29*g - 5. Give q(28).
23
Let c(z) = z**2 - 31*z - 410. Give c(-10).
0
Let k(a) = -a**2 - 7*a - 13. Calculate k(-5).
-3
Let n(z) = 218*z + 639. Calculate n(-3).
-15
Let q(p) = 3*p**3 - 23*p**2 - 26*p + 125. Calculate q(9).
215
Let b(l) = -39*l - 164. Calculate b(-4).
-8
Let k(r) = -r**3 + 61*r**2 - 226*r - 114. Give k(57).
0
Let f(z) = 123*z - 6503. Calculate f(53).
16
Let n(w) = 89*w + 147. Calculate n(-6).
-387
Let n(f) = 230*f + 255. What is n(-1)?
25
Let p(l) = 14*l + 128. What is p(-8)?
16
Let f(l) = 7*l**2 - 82*l + 10. Calculate f(10).
-110
Let h(v) = -9*v**2 - 20*v - 90. What is h(-5)?
-215
Let d(i) = -111*i - 9625. What is d(-87)?
32
Let v(p) = -196*p - 385. Give v(-2).
7
Let l(i) = 22*i**3 - 153*i**2 + 116*i + 9. Calculate l(6).
-51
Let t(h) = -h**3 - 16*h**2 - 38*h - 104. What is t(-14)?
36
Let y(b) = -2*b**3 - 15*b**2 + 210*b + 17. Calculate y(9).
-766
Let p(j) = 7*j - 243. Give p(29).
-40
Let i(c) = 6*c**3 + 26*c**2 + 7*c + 14. Give i(-4).
18
Let r(d) = 4*d**2 - 92*d + 346. Calculate r(19).
42
Let u(n) = 4*n**2 - 5*n - 106. Calculate u(5).
-31
Let i(t) = -3*t**3 + 63*t**2 + 145*t - 153. Give i(23).
8
Let r(j) = j**3 + 8*j**2 + 4*j - 36. Determine r(-8).
-68
Let i(j) = -12*j + 106. Determine i(20).
-134
Let m(p) = -675*p + 3382. What is m(5)?
7
Let q(s) = -s**3 + 24*s**2 + 19*s + 124. Calculate q(25).
-26
Let h(j) = j**3 + 11*j**2 + 29*j + 1. What is h(-9)?
-98
Let d(n) = 2*n**3 + 64*n**2 - n - 58. Determine d(-32).
-26
Let u(k) = -6*k**2 + 126*k + 63. Determine u(23).
-213
Let w(u) = -2*u**2 + 2*u + 27. Calculate w(-4).
-13
Let a(f) = 24*f**2 - 7564*f + 1263. Give a(315).
3
Let k(l) = 200*l - 195. Determine k(1).
5
Let h(c) = 2*c**3 + 11*c**2 - 33*c - 120. Calculate h(-7).
-36
Let c(k) = -k**2 + 9*k - 52. Calculate c(12).
-88
Let h(c) = -30*c + 147. Calculate h(10).
-153
Let i(c) = -73*c - 750. Calculate i(-11).
53
Let f(r) = r**3 - 12*r**2 + 11*r - 132. Calculate f(12).
0
Let v(j) = -4*j**3 - 239*j**2 + 60*j + 7. Calculate v(-60).
7
Let w(n) = -33*n - 37. What is w(3)?
-136
Let u(t) = -18*t**2 + 51*t + 1. Give u(3).
-8
Let z(n) = -n**3 - 7*n**2 + 11*n + 2. Determine z(-7).
-75
Let s(b) = -b**2 + 17*b + 1267. What is s(-28)?
7
Let l(f) = -261*f - 1541. Determine l(-6).
25
Let j(o) = -13*o - 149. Determine j(-28).
215
Let n(i) = -i**3 + 9*i**2 + 8*i + 50. Calculate n(10).
30
Let b(r) = -81*r**2 - 3*r - 11. Calculate b(-2).
-329
Let l(d) = -387*d**2 + 20513*d - 114. Determine l(53).
-8
Let r(x) = -x**3 + 299*x**2 - 279*x - 5652. Give r(298).
10
Let n(m) = -54*m + 23. Give n(4).
-193
Let v(t) = 3*t**3 - 2*t**2 - 12*t - 84. What is v(-4)?
-260
Let r(k) = -k**3 - 3*k**2 - 11*k - 98. Calculate r(-5).
7
Let d(w) = -w**2 - 1615*w + 98764. Calculate d(59).
-2
Let w(t) = 12*t**3 - 163*t**2 - 62*t - 112. Calculate w(14).
0
Let x(w) = -2*w**2 - 5*w + 197. Give x(9).
-10
Let s(u) = 23*u + 32. What is s(2)?
78
Let n(o) = 2*o**2 + 86*o + 671. What is n(-10)?
11
Let f(a) = -143*a - 1506. Determine f(-9).
-219
Let z(p) = -16979*p + 67915. Give z(4).
-1
Let v(r) = -2*r**3 - 24*r**2 + 43*r + 216. Calculate v(-13).
-5
Let v(x) = -18*x - 450. Calculate v(-25).
0
Let n(b) = 51*b + 1279. Determine n(-25).
4
Let d(c) = c**3 + 25*c**2 + 82*c - 3. Determine d(-4).
5
Let v(d) = -d**2 - 17*d - 36. Determine v(-8).
36
Let x(j) = 6*j**3 + j**2 - 18*j - 67. Determine x(-4).
-363
Let x(a) = 786*a - 17298. What is x(22)?
-6
Let y(f) = f**3 + 27*f**2 + 74*f + 34. Give y(-24).
-14
Let h(w) = 11*w**2 - 170*w - 331. Determine h(17).
-42
Let a(s) = -65*s - 59. Give a(-9).
526
Let y(g) = -241*g - 237. Give y(-1).
4
Let a(x) = x**3 + 4*x**2 - 393*x - 89. Calculate a(18).
-35
Let b(t) = -123*t - 766. What is b(-5)?
-151
Let p(s) = 6*s - 98. Give p(19).
16
Let v(s) = 2*s**3 + 18*s**2 + 3*s + 258. What is v(-10)?
28
Let j(l) = -l**2 - 5*l - 46. Determine j(-6).
-52
Let z(l) = 107*l**2 + 425*l + 5. What is z(-4)?
17
Let i(u) = 4*u**2 + 346*u + 7458. What is i(-45)?
-12
Let y(b) = -24*b + 493. What is y(19)?
37
Let s(z) = 2*z**2 - 130*z + 56. What is s(65)?
56
Let c(h) = -h**2 + 110*h + 1743. Give c(-14).
7
Let c(f) = 658*f**2 + 3951*f + 19. Determine c(-6).
1
Let n(a) = a**3 + 79*a**2 - 257*a + 27. Determine n(3).
-6
Let q(u) = -2*u**3 - 13*u**2 + 57*u - 47. Calculate q(5).
-337
Let d(n) = -n**2 - 13*n + 13. Calculate d(-14).
-1
Let f(l) = 13*l**2 + 6*l - 9. Determine f(-2).
31
Let d(u) = -3*u**2 - 46*u - 129. What is d(-3)?
-18
Let j(w) = -274*w - 12. Give j(-1).
262
Let b(a) = a**3 - 171*a**2 - 1601*a - 3428. Determine b(180).
-8
Let r(p) = -15*p**3 - 10*p**2 + 41*p + 1. Calculate r(3).
-371
Let x(i) = -i**3 - 97*i**2 - 197*i - 686. What is x(-95)?
-21
Let k(s) = s**3 + 8*s**2 + 18*s + 4. Give k(-2).
-8
Let k(g) = 21*g**2 + 351*g - 107. What is k(-17)?
-5
Let h(m) = 3479*m + 27824. Calculate h(-8).
-8
Let w(b) = -2*b**2 + 63*b - 438. Give w(23).
-47
Let h(w) = -12058*w - 518493. Determine h(-43).
1
Let i(k) = -31149*k + 62297. What is i(2)?
-1
Let j(b) = b**2 - 97*b + 2328. Determine j(57).
48
Let w(l) = -l**3 - 57*l**2 + 43*l - 923. Give w(-58).
-53
Let f(b) = b**2 + 46*b - 435. Determine f(8).
-3
Let p(m) = -52*m**2 + 3*m - 3. What is p(1)?
-52
Let n(p) = -151*p + 1305. Calculate n(9).
-54
Let i(f) = -2*f**3 + 19*f**2 + 5*f + 59. What is i(10)?
9
Let h(u) = -271*u**2 + 8134*u - 108. Give h(30).
12
Let d(u) = -2*u**2 - 8*u - 11. Give d(8).
-203
Let y(h) = -5*h**2 + 29*h + 152. Give y(11).
-134
Let d(x) = -x**3 - 32*x**2 - 116*x - 24. Give d(-4).
-8
Let p(f) = -277*